 4*h**3 + 8*h**2 - 12*h + 5. Let z(v) = 5*o(v) + 4*p(v). Determine z(7).
0
Let r(g) = -g**3 + 2*g**2 + g - 3. Let v(m) = 3*m**3 - 4*m**2 - 3*m + 7. Let b(w) = 5*r(w) + 2*v(w). Let l be (2 - 1)/(6/12). Determine b(l).
13
Let y(v) = -7*v**3 + 13*v**2 - 2*v + 11. Let m(z) = -8*z**3 + 14*z**2 - z + 12. Let w(n) = -6*m(n) + 7*y(n). What is w(6)?
-7
Let q(m) = 2. Let x(k) be the third derivative of k**4/24 + 5*k**3/6 - 2*k**2. Let n(z) = 7*q(z) - 2*x(z). Let t = -4 + 7. What is n(t)?
-2
Let o(y) = 3*y + 7. Let m(p) = 1. Let n(u) = 2*m(u) - o(u). Calculate n(-4).
7
Let w(z) = z**3 - 6*z**2 + 7*z + 1. Let q(t) = 5*t**2 - 6*t - 1. Let d(m) = -6*q(m) - 5*w(m). Give d(-1).
5
Suppose -3*y = -7*y - 8. Let d(v) = v + 1. What is d(y)?
-1
Suppose -26 - 6 = 4*y. Let d be (-18)/y - 2/8. Suppose -d*n + 1 = -n. Let z(t) = -7*t. Determine z(n).
-7
Let c(t) be the first derivative of t**4/4 - 4*t**3/3 + t**2/2 - 3*t + 1. Calculate c(3).
-9
Let v(w) = 10*w**3 - 1. Let k be (-5)/(-2) - (-1)/2. Let i = 2 - k. What is v(i)?
-11
Suppose w - 6*w - 15 = 0. Let u(n) = -3*n**2 - 3*n - 1. Let i(f) = -7*f**2 - 6*f - 3. Let b(a) = 2*i(a) - 5*u(a). Give b(w).
-1
Let s(g) = -g + 9. Let c be 4*1 + (-1 - -3 - 3). What is s(c)?
6
Let p = 6 - 1. Suppose 5*n - 20 = p*r, n - 2*r + 0 = 9. Let a(d) = 7*d. Determine a(n).
-7
Suppose -b = -4 + 14. Let w = b + 16. Let h(a) = -1 + 6*a + 0 + 0*a**3 + a**3 - w*a**2. Determine h(5).
4
Let c(h) = -h + 3*h + 0*h + 3*h + 3. Calculate c(-3).
-12
Let d(n) be the third derivative of 0*n + 0 - 2*n**2 + 1/8*n**4 + 1/3*n**3. Suppose 0 = -5*g - 14 - 1. What is d(g)?
-7
Let n(b) = -4*b + b**3 - 2*b**3 + 3 - 231*b**2 + 233*b**2. Suppose 1 = 3*x - 5. Calculate n(x).
-5
Suppose -7*x + 4*x - 3 = 0. Let c(b) = -17*b**2 + 2*b + 1. What is c(x)?
-18
Let p = -21 - -20. Let l(f) = -4*f. Give l(p).
4
Let r(a) = 2*a**3 + 3*a**2 - 1. Let t be (-28)/16 + (-1)/4. Give r(t).
-5
Let h(c) be the second derivative of -c**7/2520 - c**6/240 + c**5/60 - c**4/12 - 10*c. Let g(p) be the third derivative of h(p). Give g(-5).
-8
Let x = -1 - -2. Let k(g) be the third derivative of 0*g**4 + 0 + 1/20*g**5 - 1/6*g**3 - 8*g**2 + 0*g. What is k(x)?
2
Let z(i) = 0 + 5 + 2 + i. Let d = -71 - -71. Calculate z(d).
7
Suppose 4*w + 20 = 4*d, w + d = -3*w - 20. Let c(g) = -g**2 - 4*g + 5. Give c(w).
0
Let v(f) = -3*f**2 - f. Let z(n) be the first derivative of -n**2/2 - n - 4. Let y be z(-2). Determine v(y).
-4
Let c = -55 + 52. Let d(n) = -n**3 - 4*n**2 - 4*n - 3. Determine d(c).
0
Let l(y) = -y**2 - 2*y + 3. Let p be l(-3). Let d(b) = -3*b + 2*b - b + 3*b - 11. Calculate d(p).
-11
Let i(q) = -q**3 + 8*q**2 - q + 11. Let u be i(8). Suppose 0 = 4*o - 2*o + 4*k - 12, 4*o = 3*k + 2. Let b(w) = w**3 + 2*w**2 - u + o*w**2 - 1. Calculate b(-3).
5
Let y(r) = -9*r + 7. Let h(s) = -s + 1. Let m(p) = -6*h(p) + y(p). Let g be (6 - 2) + 3/(-3). Give m(g).
-8
Let u(o) = -o**2 - 5*o - 5. Suppose -6 - 6 = 3*f. Calculate u(f).
-1
Let z(b) = -6*b**3 + b. Let a be z(-1). Let u(m) be the second derivative of -1/6*m**4 - 1/2*m**2 + m - 1/3*m**3 - 1/20*m**a + 0. What is u(-1)?
0
Let d(r) be the first derivative of 2*r**2 + 2*r**2 - 2*r**2 + 2*r - 1 - 3*r**2. Suppose 0 = 5*q - 11 - 14. What is d(q)?
-8
Let a = -8 + 10. Let r(d) = -2*d - d**a + 3*d - 7*d + d + 2. Determine r(-4).
6
Let i(a) = -4*a**2 - 2*a - 1. Let q = 3 - 4. Give i(q).
-3
Let t(c) be the first derivative of -5*c**3 + 4. Let m(p) = p - 1. Let i be m(0). What is t(i)?
-15
Suppose 7*r - 3*r = 0. Let b be 2*(r - -2 - 1). Suppose -5*v = 20, 3*v - b*v = -c. Let x(p) = -p**3 + 5*p**2 - 4*p - 1. Give x(c).
-1
Let p be 2/(-7) + (-16)/(-7). Let f = 4 - 3. Let h(d) = 0 - f + 3*d + 0. What is h(p)?
5
Let j(z) be the second derivative of z**4/12 + z**3/3 + 2*z**2 + 4*z. Give j(-3).
7
Let x(f) = 4*f**3 - 3*f**3 - 3 + 4*f - f**2 - 2*f**3. Let n(w) = -2*w**2 - w + 1. Let d be n(2). Let m = d + 11. Determine x(m).
-7
Let p(x) = -2*x**3 + 2*x + 1. Suppose 6*k + g = 2*k + 17, -12 = -2*k - 4*g. Let o = 4 + -4. Suppose 4*r + k = -o. Determine p(r).
1
Let r(j) = j**2 - 4*j + 3. Let q be (6 + -6)*2/4. Suppose f + 2*o - 21 - 2 = q, -3*f = o - 54. Suppose -4*w - f = -s + 2, 2*w = -8. Determine r(s).
0
Let t be (-48)/(-112) - 45/7. Let y(a) = -a**2 - 5*a - 1. Give y(t).
-7
Let f = -23 + 18. Let t(p) = -p**3 - 4*p**2 + 6*p + 6. Give t(f).
1
Let l = 15 + -11. Let q(m) be the first derivative of -l*m + m**2 + 0*m - m**2 + m**2 - 4. Give q(5).
6
Let y(q) = -13*q - 14. Let d(p) = 7*p + 7. Let u(z) = 11*d(z) + 6*y(z). Let c be u(-4). Let t(k) = -k. Calculate t(c).
3
Suppose -8 = 4*q - 0. Let u(c) = -c - 1. Let h(d) = -d - 1. Let l(a) = -3*h(a) + 2*u(a). What is l(q)?
-1
Let g(z) = 2*z**3 - 3*z**2 - 4*z + 2. Let i be (-26)/(-8) + (-32)/128. What is g(i)?
17
Suppose -13 = -5*q - 3. Suppose 0*n + n = 10. Let y(f) = -f**2 - 3*f**2 + n + 3*f**q. Give y(0).
10
Let h(c) = -c + 1. Let s = 10 - 13. Let v(r) = r**3 + 2*r**2 - 3*r - 1. Let m be v(s). Calculate h(m).
2
Let x(l) = -1 - 11*l + 5*l + 0 - l**2. Suppose 4*u + 3*a + 28 + 0 = 0, -5*a - 16 = -u. Determine x(u).
7
Let y(q) = -3*q**2 - 2*q + q**3 + 3*q + 7*q**2 - 3. Give y(-3).
3
Let w be 7/(-3) + 10/(-15). Let m(i) = i. Let l(x) = 2*x - 1. Let b(y) = w*l(y) + 4*m(y). Suppose -5*s + 2*p = -2, 2*p = s - 1 + 7. Give b(s).
-1
Let i(t) = 1 - 10*t**2 - 6*t**2 + 15*t**3 + 15*t**2. Calculate i(-1).
-15
Let s = -3 + 6. Suppose 20 = -v - s*v. Let p(m) = -3*m - 6. Determine p(v).
9
Let r(s) = -s + 1. Let o(b) = -b**3 - 3*b**2 + 4*b - 5. Let m be o(-4). What is r(m)?
6
Suppose 4*l - 2*l = 0. Let p(d) = 2*d**2 + l*d**2 - 3*d + 0*d**2. Let i be (-10)/(-4) - 1/(-2). Determine p(i).
9
Let k(v) be the third derivative of -v**6/120 + v**5/10 + v**4/6 - 4*v**3/3 - 41*v**2. Determine k(6).
16
Let l(u) be the second derivative of u**8/6720 - u**7/840 + u**6/720 + u**5/60 - u**4/3 - 6*u. Let g(r) be the third derivative of l(r). Calculate g(3).
5
Let o(j) = j + 3. Suppose 8*m + 33 + 7 = 0. Determine o(m).
-2
Let j = 10 + -6. Let v(c) = -j*c**2 + c**2 + 0*c + 12*c**2 + c. What is v(-1)?
8
Let s(h) = 3*h**2 - 4*h**2 - 2*h**2 + 2 + 6*h - h**3. Let t(u) = 17*u + 1. Let z be t(1). Let x be z/(-4) - (-3)/6. Calculate s(x).
-6
Let y(h) = -2 + 0 - 9 + 17*h. Let b(z) be the second derivative of -11*z**3/6 + 7*z**2/2 - 2*z. Let w(i) = 8*b(i) + 5*y(i). Determine w(-2).
7
Let p(w) = -3*w. Suppose -5*h + 4*r + 15 = 40, 2*h - 13 = -3*r. What is p(h)?
3
Let k(t) = -t**3 + 2*t**2 - 4*t + 3. Let o be (4 + -1)*(-4)/(-6). Let v be k(o). Let f(y) = y + 2. Give f(v).
-3
Suppose 4*j - 8 = -0*j. Let x(c) = -1 + 0 + 6*c + 0 + c**j + 4. Suppose 4*q + 3*b = -13, -5*q = -0*q + 3*b + 17. Give x(q).
-5
Let b(z) = 0*z**2 - 1 - 5 - z**2. Let a(t) be the first derivative of t**3/3 - t**2/2 + 7*t - 6. Let r(m) = 2*a(m) + 3*b(m). What is r(-3)?
-7
Let g(k) = -2*k - 3. Let v be g(-3). Let n be (-3 + v)*2/4. Let z(q) = 8*q**3 - 3 + 4*q**2 + 2*q + n*q - 2*q**2 + 4. Calculate z(-1).
-7
Let j(n) = -n**2 - 6*n - 3. Let l(h) = h + 7. Let q be l(10). Let m(p) = p**2 - 17*p - 4. Let s be m(q). Determine j(s).
5
Let d(g) = -3*g**2 - 2*g - 1. Let c be -3 - (-9 - 2)/1. Let x be ((-9)/(-2))/(6/c). Let j be (-1 - 3) + x/2. Give d(j).
-2
Let x be (-2 + 1 - 0) + 13. Suppose -2*z - 2*z + x = p, -z = -3*p - 16. Let w(s) = -s**2 + 6*s - 1. Calculate w(z).
7
Let s(t) = t**3 - 6*t**2 + 6*t - 2. Let y be s(5). Let j(i) = y*i**2 + 11 - i**3 + i**2 - 8. Determine j(4).
3
Suppose n - 3 = v - 4, -2*n = -5*v + 8. Let f(s) = s**3 + s + 1. Let r = 12 - 6. Let q(w) = 7*w**3 - 3*w**2 + 9*w + 4. Let m(i) = r*f(i) - q(i). What is m(v)?
0
Let k(d) = d**3 - 6*d**2 + 8*d - 7. Let c = -50 + 55. Determine k(c).
8
Suppose 0 = -2*m + 6 - 2. Let j(q) be the second derivative of q - 1/12*q**4 - q**2 + 1/6*q**3 + 0. Calculate j(m).
-4
Let x(g) be the third derivative of -g**5/60 + g**4/12 - g**3/6 + g**2. Suppose 0 = 3*d - 5*l - 6, 5*d - 5*l = -0*l + 10. What is x(d)?
-1
Let v be 5/20 + 19/4. Suppose v*m - 30 = -0*m. Let a(l) = -l**3 + 7*l**2 - 6*l + 8. Give a(m).
8
Suppose -n + 3*s - 12 = -2*n, 17 = 2*n - s. Let q(d) = d**2 - 8*d - 4. Calculate q(n).
5
Let t(c) = 3*c + 3*c + c**3 - 2*c**2 - 3*c - 3. Let x be (9 + -12)*(-4)/6. Calculate t(x).
3
Let w(b) = b**2 + 6*b - 15. Let p be w(-8). Let r(j) = -11*j**3 - 2*j + 1. Giv